{"id":21,"date":"2024-07-08T15:22:02","date_gmt":"2024-07-08T13:22:02","guid":{"rendered":"https:\/\/fredsem.cluster029.hosting.ovh.net\/?page_id=21"},"modified":"2024-11-29T16:52:54","modified_gmt":"2024-11-29T15:52:54","slug":"oeuvres","status":"publish","type":"page","link":"https:\/\/fredsegogne.art\/index.php\/oeuvres\/","title":{"rendered":"Mes r\u00e9alisations"},"content":{"rendered":"<style>#jtg-album-407, #jtg-album-407 .modula-items { width:Auto;}#jtg-album-407 .modula-items .figc p.description {color:#ffffff;font-size:14px;}#jtg-album-407.modula-album .modula-items .modula-item{ background-color: #ffffff; }#jtg-album-407.modula-album .modula-items .modula-item.effect-under .figc{ background-color: ; }#jtg-album-407.modula-album .modula-items .modula-item:hover img.pic { opacity:0.5;}#jtg-album-407 .modula-items .figc .jtg-title .image_count { font-size:14px }@media screen and (max-width:480px){#jtg-album-407 .modula-item .figc .jtg-title {  font-size: 10px; }#jtg-album-407 .modula-items .figc p.description { color:#ffffff;font-size:12px; }}#jtg-album-407 .modula-item> .modula-item-content > a { cursor:zoom-in; } #jtg-album-407.modula-album .modula-item { width: calc(50% - 15px) !important ; } #jtg-album-407 .modula-items{position:relative;}#jtg-album-407 .modula-items > .modula-item > .modula-item-content > .figc>.figc-inner { padding:50px; } #jtg-album-407  .modula-item.effect-oscar { background: -webkit-linear-gradient(45deg,#ffffff 0,#9b4a1b 40%,#ffffff 100%);background: linear-gradient(45deg,#ffffff 0,#9b4a1b 40%,#ffffff 100%);}#jtg-album-407  .modula-item.effect-roxy {background: -webkit-linear-gradient(45deg,#ffffff 0,#05abe0 100%);background: linear-gradient(45deg,#ffffff 0,#05abe0 100%);}#jtg-album-407 .modula-item.effect-dexter {background: -webkit-linear-gradient(top,#ffffff 0,rgba(104,60,19,1) 100%); background: linear-gradient(to bottom,#ffffff 0,rgba(104,60,19,1) 100%);}#jtg-album-407  .modula-item.effect-jazz {background: -webkit-linear-gradient(-45deg,#ffffff 0,#f33f58 100%);background: linear-gradient(-45deg,#ffffff 0,#f33f58 100%);}#jtg-album-407 .modula-item.effect-lexi {background: -webkit-linear-gradient(-45deg,#ffffff 0,#fff 100%);background: linear-gradient(-45deg,#ffffff 0,#fff 100%);}#jtg-album-407 .modula-item.effect-duke {background: -webkit-linear-gradient(-45deg,#ffffff 0,#cc6055 100%);background: linear-gradient(-45deg,#ffffff 0,#cc6055 100%);}html body .modula-fancybox-container.modula-lightbox-jtg-album-407 .fancybox__nav{display:none}.modula-fancybox-container.modula-lightbox-jtg-album-407 .fancybox__caption {align-self:flex-start}<\/style>\n\r\n<div  id=\"jtg-album-407\" class=\"modula modula-album modula-grid \" data-config=\"{&quot;type&quot;:&quot;2&quot;,&quot;columns&quot;:12,&quot;gutter&quot;:30,&quot;enableResponsive&quot;:false,&quot;tabletColumns&quot;:2,&quot;mobileColumns&quot;:1,&quot;lazyLoad&quot;:false,&quot;lightbox&quot;:&quot;fancybox&quot;,&quot;lightbox_settings&quot;:{&quot;animated&quot;:true,&quot;Thumbs&quot;:{&quot;type&quot;:&quot;modern&quot;,&quot;showOnStart&quot;:false,&quot;position&quot;:&quot;left&quot;},&quot;Toolbar&quot;:{&quot;display&quot;:{&quot;right&quot;:[&quot;close&quot;],&quot;left&quot;:[]},&quot;enabled&quot;:true},&quot;Carousel&quot;:{&quot;infinite&quot;:false,&quot;transition&quot;:&quot;fade&quot;,&quot;Panzoom&quot;:{&quot;touch&quot;:false}},&quot;keyboard&quot;:{&quot;Escape&quot;:&quot;close&quot;,&quot;Delete&quot;:&quot;close&quot;,&quot;Backspace&quot;:&quot;close&quot;,&quot;PageUp&quot;:false,&quot;PageDown&quot;:false,&quot;ArrowUp&quot;:false,&quot;ArrowDown&quot;:false,&quot;ArrowRight&quot;:false,&quot;ArrowLeft&quot;:false},&quot;touch&quot;:false,&quot;backdropClick&quot;:false,&quot;l10n&quot;:{&quot;CLOSE&quot;:&quot;Close&quot;,&quot;NEXT&quot;:&quot;Suivant&quot;,&quot;PREV&quot;:&quot;Pr\\u00e9c\\u00e9dent&quot;,&quot;Error&quot;:&quot;The requested content cannot be loaded. Please try again later.&quot;,&quot;PLAY_START&quot;:&quot;Start slideshow&quot;,&quot;PLAY_STOP&quot;:&quot;Pause slideshow&quot;,&quot;FULL_SCREEN&quot;:&quot;Full screen&quot;,&quot;THUMBS&quot;:&quot;Thumbnails&quot;,&quot;DOWNLOAD&quot;:&quot;Download&quot;,&quot;SHARE&quot;:&quot;Share&quot;,&quot;ZOOM&quot;:&quot;Zoom&quot;,&quot;EMAIL&quot;:&quot;Here is the link to the image : %%image_link%% and this is the link to the gallery : %%gallery_link%%&quot;,&quot;MODAL&quot;:&quot;You can close this modal content with the ESC key&quot;,&quot;ERROR&quot;:&quot;Something Went Wrong, Please Try Again Later&quot;,&quot;IMAGE_ERROR&quot;:&quot;Image Not Found&quot;,&quot;ELEMENT_NOT_FOUND&quot;:&quot;HTML Element Not Found&quot;,&quot;AJAX_NOT_FOUND&quot;:&quot;Error Loading AJAX : Not Found&quot;,&quot;AJAX_FORBIDDEN&quot;:&quot;Error Loading AJAX : Forbidden&quot;,&quot;IFRAME_ERROR&quot;:&quot;Error Loading Page&quot;,&quot;TOGGLE_ZOOM&quot;:&quot;Toggle zoom level&quot;,&quot;TOGGLE_THUMBS&quot;:&quot;Toggle thumbnails&quot;,&quot;TOGGLE_SLIDESHOW&quot;:&quot;Toggle slideshow&quot;,&quot;TOGGLE_FULLSCREEN&quot;:&quot;Toggle full-screen mode&quot;},&quot;Images&quot;:{&quot;Panzoom&quot;:[]},&quot;i18n&quot;:{&quot;CLOSE&quot;:&quot;Close&quot;,&quot;NEXT&quot;:&quot;Suivant&quot;,&quot;PREV&quot;:&quot;Pr\\u00e9c\\u00e9dent&quot;,&quot;Error&quot;:&quot;The requested content cannot be loaded. Please try again later.&quot;,&quot;PLAY_START&quot;:&quot;Start slideshow&quot;,&quot;PLAY_STOP&quot;:&quot;Pause slideshow&quot;,&quot;FULL_SCREEN&quot;:&quot;Full screen&quot;,&quot;THUMBS&quot;:&quot;Thumbnails&quot;,&quot;DOWNLOAD&quot;:&quot;Download&quot;,&quot;SHARE&quot;:&quot;Share&quot;,&quot;ZOOM&quot;:&quot;Zoom&quot;},&quot;wheel&quot;:false,&quot;mainClass&quot;:&quot;modula-fancybox-container modula-lightbox-jtg-album-407&quot;,&quot;lightbox_devices&quot;:&quot;both&quot;,&quot;Html&quot;:{&quot;videoAutoplay&quot;:0,&quot;videoTpl&quot;:&quot;&lt;video class=\\&quot;fancybox__html5video\\&quot; controls muted playsinline controlsList controlsList=\\&quot;nodownload\\&quot; poster=\\&quot;{{poster}}\\&quot; src=\\&quot;{{src}}\\&quot; type=\\&quot;{{format}}\\&quot; &gt;  Sorry, your browser doesn&#039;t support embedded videos, &lt;a href=\\&quot;{{src}}\\&quot;&gt; download &lt;\\\/a&gt; and watch with your favorite video player! &lt;\\\/video&gt;&quot;}},&quot;Thumbs&quot;:{&quot;position&quot;:&quot;left&quot;}}\" >\r\n\r\n    \r\n    <div  class=\"modula-items\">\r\n        \r\n<div  data-width=\"2\" data-height=\"2\" class=\"modula-item tg-loaded effect-pufrobo\" >\r\n\t<div class=\"modula-item-overlay\"><\/div>\r\n\r\n\t<div class=\"modula-item-content\">\r\n\r\n\t\t\r\n\t\t<a  class=\"gallery-link simple-link\" href=\"https:\/\/fredsegogne.art\/index.php\/oeuvres\/peintures-de-vitrines\/\" data-gallery-id=\"343\" data-gallery-images=\"[]\" title=\"\" data-title=\"\" rel=\"343\"><\/a>\r\n\r\n\t\t\r\n\t\t<img loading=\"lazy\" decoding=\"async\"  alt=\"\" class=\"pic\" width=\"1024\" height=\"683\" src=\"https:\/\/fredsegogne.art\/wp-content\/uploads\/2024\/11\/DSC_5998-1024x683.jpg\" data-src=\"https:\/\/fredsegogne.art\/wp-content\/uploads\/2024\/11\/DSC_5998-1024x683.jpg\" data-image-id=\"337\" srcset=\"https:\/\/fredsegogne.art\/wp-content\/uploads\/2024\/11\/DSC_5998-scaled-1024x683.jpg 1024w, https:\/\/fredsegogne.art\/wp-content\/uploads\/2024\/11\/DSC_5998-300x200.jpg 300w, https:\/\/fredsegogne.art\/wp-content\/uploads\/2024\/11\/DSC_5998-768x512.jpg 768w, https:\/\/fredsegogne.art\/wp-content\/uploads\/2024\/11\/DSC_5998-1536x1024.jpg 1536w, https:\/\/fredsegogne.art\/wp-content\/uploads\/2024\/11\/DSC_5998-2048x1365.jpg 2048w, https:\/\/fredsegogne.art\/wp-content\/uploads\/2024\/11\/DSC_5998-450x300.jpg 450w\" sizes=\"auto, (max-width: 1024px) 100vw, 1024px\" \/>\r\n\t\t<div class=\"figc no-description\">\r\n\r\n\t\t\t<div class=\"figc-inner\">\r\n\t\t\t\t\t\t\t\t\t<h2 class='jtg-title'>\r\n\t\t\t\t\t\tVitrines\t\t\t\t\t\t\t\t\t\t\t\t\t<span class=\"image_count\">( 35 Images\t\t\t\t\t\t\t\t)<\/span>\r\n\t\t\t\t\t\t\t\t\t\t\t<\/h2>\r\n\t\t\t\t\t\t\t\t\t\t\t<\/div>\r\n\t\t<\/div>\r\n\t<\/div>\r\n<\/div>\r\n\r\n<div  data-width=\"2\" data-height=\"2\" class=\"modula-item tg-loaded effect-pufrobo\" >\r\n\t<div class=\"modula-item-overlay\"><\/div>\r\n\r\n\t<div class=\"modula-item-content\">\r\n\r\n\t\t\r\n\t\t<a  class=\"gallery-link simple-link\" href=\"https:\/\/fredsegogne.art\/index.php\/oeuvres\/enseignes-peintes\/\" data-gallery-id=\"350\" data-gallery-images=\"[]\" title=\"\" data-title=\"\" rel=\"350\"><\/a>\r\n\r\n\t\t\r\n\t\t<img loading=\"lazy\" decoding=\"async\"  alt=\"\" class=\"pic\" width=\"683\" height=\"1024\" src=\"https:\/\/fredsegogne.art\/wp-content\/uploads\/2024\/10\/DSC_6508-683x1024.jpg\" data-src=\"https:\/\/fredsegogne.art\/wp-content\/uploads\/2024\/10\/DSC_6508-683x1024.jpg\" data-image-id=\"189\" srcset=\"https:\/\/fredsegogne.art\/wp-content\/uploads\/2024\/10\/DSC_6508-scaled-683x1024.jpg 683w, https:\/\/fredsegogne.art\/wp-content\/uploads\/2024\/10\/DSC_6508-200x300.jpg 200w, https:\/\/fredsegogne.art\/wp-content\/uploads\/2024\/10\/DSC_6508-768x1152.jpg 768w, https:\/\/fredsegogne.art\/wp-content\/uploads\/2024\/10\/DSC_6508-1024x1536.jpg 1024w, https:\/\/fredsegogne.art\/wp-content\/uploads\/2024\/10\/DSC_6508-1365x2048.jpg 1365w, https:\/\/fredsegogne.art\/wp-content\/uploads\/2024\/10\/DSC_6508-scaled.jpg 1707w\" sizes=\"auto, (max-width: 683px) 100vw, 683px\" \/>\r\n\t\t<div class=\"figc no-description\">\r\n\r\n\t\t\t<div class=\"figc-inner\">\r\n\t\t\t\t\t\t\t\t\t<h2 class='jtg-title'>\r\n\t\t\t\t\t\tEnseignes peintes\t\t\t\t\t\t\t\t\t\t\t\t\t<span class=\"image_count\">( 14 Images\t\t\t\t\t\t\t\t)<\/span>\r\n\t\t\t\t\t\t\t\t\t\t\t<\/h2>\r\n\t\t\t\t\t\t\t\t\t\t\t<\/div>\r\n\t\t<\/div>\r\n\t<\/div>\r\n<\/div>\r\n\r\n<div  data-width=\"2\" data-height=\"2\" class=\"modula-item tg-loaded effect-pufrobo\" >\r\n\t<div class=\"modula-item-overlay\"><\/div>\r\n\r\n\t<div class=\"modula-item-content\">\r\n\r\n\t\t\r\n\t\t<a  class=\"gallery-link simple-link\" href=\"https:\/\/fredsegogne.art\/index.php\/oeuvres\/street-art\/\" data-gallery-id=\"353\" data-gallery-images=\"[]\" title=\"\" data-title=\"\" rel=\"353\"><\/a>\r\n\r\n\t\t\r\n\t\t<img loading=\"lazy\" decoding=\"async\"  alt=\"\" class=\"pic\" width=\"1024\" height=\"683\" src=\"https:\/\/fredsegogne.art\/wp-content\/uploads\/2024\/10\/DSC_5032-1024x683.jpg\" data-src=\"https:\/\/fredsegogne.art\/wp-content\/uploads\/2024\/10\/DSC_5032-1024x683.jpg\" data-image-id=\"195\" srcset=\"https:\/\/fredsegogne.art\/wp-content\/uploads\/2024\/10\/DSC_5032-scaled-1024x683.jpg 1024w, https:\/\/fredsegogne.art\/wp-content\/uploads\/2024\/10\/DSC_5032-300x200.jpg 300w, https:\/\/fredsegogne.art\/wp-content\/uploads\/2024\/10\/DSC_5032-768x512.jpg 768w, https:\/\/fredsegogne.art\/wp-content\/uploads\/2024\/10\/DSC_5032-1536x1024.jpg 1536w, https:\/\/fredsegogne.art\/wp-content\/uploads\/2024\/10\/DSC_5032-2048x1365.jpg 2048w, https:\/\/fredsegogne.art\/wp-content\/uploads\/2024\/10\/DSC_5032-450x300.jpg 450w\" sizes=\"auto, (max-width: 1024px) 100vw, 1024px\" \/>\r\n\t\t<div class=\"figc no-description\">\r\n\r\n\t\t\t<div class=\"figc-inner\">\r\n\t\t\t\t\t\t\t\t\t<h2 class='jtg-title'>\r\n\t\t\t\t\t\tStreet Art (Peinture murale)\t\t\t\t\t\t\t\t\t\t\t\t\t<span class=\"image_count\">( 31 Images\t\t\t\t\t\t\t\t)<\/span>\r\n\t\t\t\t\t\t\t\t\t\t\t<\/h2>\r\n\t\t\t\t\t\t\t\t\t\t\t<\/div>\r\n\t\t<\/div>\r\n\t<\/div>\r\n<\/div>\r\n\r\n<div  data-width=\"2\" data-height=\"2\" class=\"modula-item tg-loaded effect-pufrobo\" >\r\n\t<div class=\"modula-item-overlay\"><\/div>\r\n\r\n\t<div class=\"modula-item-content\">\r\n\r\n\t\t\r\n\t\t<a  class=\"gallery-link simple-link\" href=\"https:\/\/fredsegogne.art\/index.php\/oeuvres\/toiles\/\" data-gallery-id=\"369\" data-gallery-images=\"[]\" title=\"\" data-title=\"\" rel=\"369\"><\/a>\r\n\r\n\t\t\r\n\t\t<img loading=\"lazy\" decoding=\"async\"  alt=\"\" class=\"pic\" width=\"656\" height=\"1024\" src=\"https:\/\/fredsegogne.art\/wp-content\/uploads\/2024\/10\/DSC_8360-scaled-e1730234671813-656x1024.jpg\" data-src=\"https:\/\/fredsegogne.art\/wp-content\/uploads\/2024\/10\/DSC_8360-scaled-e1730234671813-656x1024.jpg\" data-image-id=\"125\" srcset=\"https:\/\/fredsegogne.art\/wp-content\/uploads\/2024\/10\/DSC_8360-scaled-e1730234671813-656x1024.jpg 656w, https:\/\/fredsegogne.art\/wp-content\/uploads\/2024\/10\/DSC_8360-scaled-e1730234671813-192x300.jpg 192w, https:\/\/fredsegogne.art\/wp-content\/uploads\/2024\/10\/DSC_8360-scaled-e1730234671813-768x1198.jpg 768w, https:\/\/fredsegogne.art\/wp-content\/uploads\/2024\/10\/DSC_8360-scaled-e1730234671813-985x1536.jpg 985w, https:\/\/fredsegogne.art\/wp-content\/uploads\/2024\/10\/DSC_8360-scaled-e1730234671813-1313x2048.jpg 1313w, https:\/\/fredsegogne.art\/wp-content\/uploads\/2024\/10\/DSC_8360-scaled-e1730234671813.jpg 1463w\" sizes=\"auto, (max-width: 656px) 100vw, 656px\" \/>\r\n\t\t<div class=\"figc no-description\">\r\n\r\n\t\t\t<div class=\"figc-inner\">\r\n\t\t\t\t\t\t\t\t\t<h2 class='jtg-title'>\r\n\t\t\t\t\t\tTableaux d&rsquo;artiste\t\t\t\t\t\t\t\t\t\t\t\t\t<span class=\"image_count\">( 45 Images\t\t\t\t\t\t\t\t)<\/span>\r\n\t\t\t\t\t\t\t\t\t\t\t<\/h2>\r\n\t\t\t\t\t\t\t\t\t\t\t<\/div>\r\n\t\t<\/div>\r\n\t<\/div>\r\n<\/div>\r\n\r\n<div  data-width=\"2\" data-height=\"2\" class=\"modula-item tg-loaded effect-pufrobo\" >\r\n\t<div class=\"modula-item-overlay\"><\/div>\r\n\r\n\t<div class=\"modula-item-content\">\r\n\r\n\t\t\r\n\t\t<a  class=\"gallery-link simple-link\" href=\"https:\/\/fredsegogne.art\/index.php\/oeuvres\/dessin\/\" data-gallery-id=\"370\" data-gallery-images=\"[]\" title=\"\" data-title=\"\" rel=\"370\"><\/a>\r\n\r\n\t\t\r\n\t\t<img loading=\"lazy\" decoding=\"async\"  alt=\"\" class=\"pic\" width=\"1024\" height=\"692\" src=\"https:\/\/fredsegogne.art\/wp-content\/uploads\/2024\/10\/DSC_8411-Copie-scaled-e1730237063268-1024x692.jpg\" data-src=\"https:\/\/fredsegogne.art\/wp-content\/uploads\/2024\/10\/DSC_8411-Copie-scaled-e1730237063268-1024x692.jpg\" data-image-id=\"107\" srcset=\"https:\/\/fredsegogne.art\/wp-content\/uploads\/2024\/10\/DSC_8411-Copie-scaled-e1730237063268-1024x692.jpg 1024w, https:\/\/fredsegogne.art\/wp-content\/uploads\/2024\/10\/DSC_8411-Copie-scaled-e1730237063268-300x203.jpg 300w, https:\/\/fredsegogne.art\/wp-content\/uploads\/2024\/10\/DSC_8411-Copie-scaled-e1730237063268-768x519.jpg 768w, https:\/\/fredsegogne.art\/wp-content\/uploads\/2024\/10\/DSC_8411-Copie-scaled-e1730237063268-1536x1038.jpg 1536w, https:\/\/fredsegogne.art\/wp-content\/uploads\/2024\/10\/DSC_8411-Copie-scaled-e1730237063268-2048x1385.jpg 2048w, https:\/\/fredsegogne.art\/wp-content\/uploads\/2024\/10\/DSC_8411-Copie-scaled-e1730237063268-444x300.jpg 444w\" sizes=\"auto, (max-width: 1024px) 100vw, 1024px\" \/>\r\n\t\t<div class=\"figc no-description\">\r\n\r\n\t\t\t<div class=\"figc-inner\">\r\n\t\t\t\t\t\t\t\t\t<h2 class='jtg-title'>\r\n\t\t\t\t\t\tDessins\t\t\t\t\t\t\t\t\t\t\t\t\t<span class=\"image_count\">( 10 Images\t\t\t\t\t\t\t\t)<\/span>\r\n\t\t\t\t\t\t\t\t\t\t\t<\/h2>\r\n\t\t\t\t\t\t\t\t\t\t\t<\/div>\r\n\t\t<\/div>\r\n\t<\/div>\r\n<\/div>\r\n\r\n<div  data-width=\"2\" data-height=\"2\" class=\"modula-item tg-loaded effect-pufrobo\" >\r\n\t<div class=\"modula-item-overlay\"><\/div>\r\n\r\n\t<div class=\"modula-item-content\">\r\n\r\n\t\t\r\n\t\t<a  class=\"gallery-link simple-link\" href=\"https:\/\/fredsegogne.art\/index.php\/oeuvres\/aquarelles\/\" data-gallery-id=\"372\" data-gallery-images=\"[]\" title=\"\" data-title=\"\" rel=\"372\"><\/a>\r\n\r\n\t\t\r\n\t\t<img loading=\"lazy\" decoding=\"async\"  alt=\"\" class=\"pic\" width=\"1024\" height=\"801\" src=\"https:\/\/fredsegogne.art\/wp-content\/uploads\/2024\/10\/DSC_8406-Copie-scaled-e1730236820354-1024x801.jpg\" data-src=\"https:\/\/fredsegogne.art\/wp-content\/uploads\/2024\/10\/DSC_8406-Copie-scaled-e1730236820354-1024x801.jpg\" data-image-id=\"112\" srcset=\"https:\/\/fredsegogne.art\/wp-content\/uploads\/2024\/10\/DSC_8406-Copie-scaled-e1730236820354-1024x801.jpg 1024w, https:\/\/fredsegogne.art\/wp-content\/uploads\/2024\/10\/DSC_8406-Copie-scaled-e1730236820354-300x235.jpg 300w, https:\/\/fredsegogne.art\/wp-content\/uploads\/2024\/10\/DSC_8406-Copie-scaled-e1730236820354-768x601.jpg 768w, https:\/\/fredsegogne.art\/wp-content\/uploads\/2024\/10\/DSC_8406-Copie-scaled-e1730236820354-1536x1201.jpg 1536w, https:\/\/fredsegogne.art\/wp-content\/uploads\/2024\/10\/DSC_8406-Copie-scaled-e1730236820354-384x300.jpg 384w, https:\/\/fredsegogne.art\/wp-content\/uploads\/2024\/10\/DSC_8406-Copie-scaled-e1730236820354.jpg 2018w\" sizes=\"auto, (max-width: 1024px) 100vw, 1024px\" \/>\r\n\t\t<div class=\"figc no-description\">\r\n\r\n\t\t\t<div class=\"figc-inner\">\r\n\t\t\t\t\t\t\t\t\t<h2 class='jtg-title'>\r\n\t\t\t\t\t\taquarelles\t\t\t\t\t\t\t\t\t\t\t\t\t<span class=\"image_count\">( 25 Images\t\t\t\t\t\t\t\t)<\/span>\r\n\t\t\t\t\t\t\t\t\t\t\t<\/h2>\r\n\t\t\t\t\t\t\t\t\t\t\t<\/div>\r\n\t\t<\/div>\r\n\t<\/div>\r\n<\/div>\r\n\r\n<div  data-width=\"2\" data-height=\"2\" class=\"modula-item tg-loaded effect-pufrobo\" >\r\n\t<div class=\"modula-item-overlay\"><\/div>\r\n\r\n\t<div class=\"modula-item-content\">\r\n\r\n\t\t\r\n\t\t<a  class=\"gallery-link simple-link\" href=\"https:\/\/fredsegogne.art\/index.php\/oeuvres\/objets-en-bois-peint\/\" data-gallery-id=\"403\" data-gallery-images=\"[]\" title=\"\" data-title=\"\" rel=\"403\"><\/a>\r\n\r\n\t\t\r\n\t\t<img loading=\"lazy\" decoding=\"async\"  alt=\"\" class=\"pic\" width=\"683\" height=\"1024\" src=\"https:\/\/fredsegogne.art\/wp-content\/uploads\/2024\/10\/DSC_7816-683x1024.jpg\" data-src=\"https:\/\/fredsegogne.art\/wp-content\/uploads\/2024\/10\/DSC_7816-683x1024.jpg\" data-image-id=\"171\" srcset=\"https:\/\/fredsegogne.art\/wp-content\/uploads\/2024\/10\/DSC_7816-scaled-683x1024.jpg 683w, https:\/\/fredsegogne.art\/wp-content\/uploads\/2024\/10\/DSC_7816-200x300.jpg 200w, https:\/\/fredsegogne.art\/wp-content\/uploads\/2024\/10\/DSC_7816-768x1152.jpg 768w, https:\/\/fredsegogne.art\/wp-content\/uploads\/2024\/10\/DSC_7816-1024x1536.jpg 1024w, https:\/\/fredsegogne.art\/wp-content\/uploads\/2024\/10\/DSC_7816-1365x2048.jpg 1365w, https:\/\/fredsegogne.art\/wp-content\/uploads\/2024\/10\/DSC_7816-scaled.jpg 1707w\" sizes=\"auto, (max-width: 683px) 100vw, 683px\" \/>\r\n\t\t<div class=\"figc no-description\">\r\n\r\n\t\t\t<div class=\"figc-inner\">\r\n\t\t\t\t\t\t\t\t\t<h2 class='jtg-title'>\r\n\t\t\t\t\t\tObjets en bois peint\t\t\t\t\t\t\t\t\t\t\t\t\t<span class=\"image_count\">( 6 Images\t\t\t\t\t\t\t\t)<\/span>\r\n\t\t\t\t\t\t\t\t\t\t\t<\/h2>\r\n\t\t\t\t\t\t\t\t\t\t\t<\/div>\r\n\t\t<\/div>\r\n\t<\/div>\r\n<\/div>\r\n\r\n<div  data-width=\"2\" data-height=\"2\" class=\"modula-item tg-loaded effect-pufrobo\" >\r\n\t<div class=\"modula-item-overlay\"><\/div>\r\n\r\n\t<div class=\"modula-item-content\">\r\n\r\n\t\t\r\n\t\t<a  class=\"gallery-link simple-link\" href=\"https:\/\/fredsegogne.art\/index.php\/oeuvres\/decors-de-theatre\/\" data-gallery-id=\"409\" data-gallery-images=\"[]\" title=\"\" data-title=\"\" rel=\"409\"><\/a>\r\n\r\n\t\t\r\n\t\t<img loading=\"lazy\" decoding=\"async\"  alt=\"\" class=\"pic\" width=\"1024\" height=\"683\" src=\"https:\/\/fredsegogne.art\/wp-content\/uploads\/2024\/11\/DSC_5966-1024x683.jpg\" data-src=\"https:\/\/fredsegogne.art\/wp-content\/uploads\/2024\/11\/DSC_5966-1024x683.jpg\" data-image-id=\"312\" srcset=\"https:\/\/fredsegogne.art\/wp-content\/uploads\/2024\/11\/DSC_5966-scaled-1024x683.jpg 1024w, https:\/\/fredsegogne.art\/wp-content\/uploads\/2024\/11\/DSC_5966-300x200.jpg 300w, https:\/\/fredsegogne.art\/wp-content\/uploads\/2024\/11\/DSC_5966-768x512.jpg 768w, https:\/\/fredsegogne.art\/wp-content\/uploads\/2024\/11\/DSC_5966-1536x1024.jpg 1536w, https:\/\/fredsegogne.art\/wp-content\/uploads\/2024\/11\/DSC_5966-2048x1365.jpg 2048w, https:\/\/fredsegogne.art\/wp-content\/uploads\/2024\/11\/DSC_5966-450x300.jpg 450w\" sizes=\"auto, (max-width: 1024px) 100vw, 1024px\" \/>\r\n\t\t<div class=\"figc no-description\">\r\n\r\n\t\t\t<div class=\"figc-inner\">\r\n\t\t\t\t\t\t\t\t\t<h2 class='jtg-title'>\r\n\t\t\t\t\t\tD\u00e9cors de th\u00e9\u00e2tre\t\t\t\t\t\t\t\t\t\t\t\t\t<span class=\"image_count\">( 5 Images\t\t\t\t\t\t\t\t)<\/span>\r\n\t\t\t\t\t\t\t\t\t\t\t<\/h2>\r\n\t\t\t\t\t\t\t\t\t\t\t<\/div>\r\n\t\t<\/div>\r\n\t<\/div>\r\n<\/div>\r\n    <\/div>\r\n\r\n    \r\n<\/div>","protected":false},"excerpt":{"rendered":"","protected":false},"author":1,"featured_media":0,"parent":0,"menu_order":0,"comment_status":"closed","ping_status":"closed","template":"","meta":{"footnotes":""},"class_list":["post-21","page","type-page","status-publish","hentry"],"_links":{"self":[{"href":"https:\/\/fredsegogne.art\/index.php\/wp-json\/wp\/v2\/pages\/21","targetHints":{"allow":["GET"]}}],"collection":[{"href":"https:\/\/fredsegogne.art\/index.php\/wp-json\/wp\/v2\/pages"}],"about":[{"href":"https:\/\/fredsegogne.art\/index.php\/wp-json\/wp\/v2\/types\/page"}],"author":[{"embeddable":true,"href":"https:\/\/fredsegogne.art\/index.php\/wp-json\/wp\/v2\/users\/1"}],"replies":[{"embeddable":true,"href":"https:\/\/fredsegogne.art\/index.php\/wp-json\/wp\/v2\/comments?post=21"}],"version-history":[{"count":4,"href":"https:\/\/fredsegogne.art\/index.php\/wp-json\/wp\/v2\/pages\/21\/revisions"}],"predecessor-version":[{"id":436,"href":"https:\/\/fredsegogne.art\/index.php\/wp-json\/wp\/v2\/pages\/21\/revisions\/436"}],"wp:attachment":[{"href":"https:\/\/fredsegogne.art\/index.php\/wp-json\/wp\/v2\/media?parent=21"}],"curies":[{"name":"wp","href":"https:\/\/api.w.org\/{rel}","templated":true}]}}